{"id":110,"date":"2011-08-13T15:54:39","date_gmt":"2011-08-13T13:54:39","guid":{"rendered":"http:\/\/www.touchofart.eu\/blog\/?page_id=110"},"modified":"2011-08-13T15:54:39","modified_gmt":"2011-08-13T13:54:39","slug":"wspolpraca","status":"publish","type":"page","link":"https:\/\/www.touchofart.eu\/blog\/wspolpraca\/","title":{"rendered":"Wsp\u00f3\u0142praca"},"content":{"rendered":"<p>Chesz z nami wsp\u00f3\u0142pracowac. Lubisz pisa\u0107 o sztuc\u0119 odezwij si\u0119 blog@touchofart.eu<\/p>\n","protected":false},"excerpt":{"rendered":"<p>Chesz z nami wsp\u00f3\u0142pracowac. Lubisz pisa\u0107 o sztuc\u0119 odezwij si\u0119 blog@touchofart.eu<\/p>\n","protected":false},"author":1,"featured_media":0,"parent":0,"menu_order":0,"comment_status":"open","ping_status":"open","template":"","meta":{"footnotes":""},"_links":{"self":[{"href":"https:\/\/www.touchofart.eu\/blog\/wp-json\/wp\/v2\/pages\/110"}],"collection":[{"href":"https:\/\/www.touchofart.eu\/blog\/wp-json\/wp\/v2\/pages"}],"about":[{"href":"https:\/\/www.touchofart.eu\/blog\/wp-json\/wp\/v2\/types\/page"}],"author":[{"embeddable":true,"href":"https:\/\/www.touchofart.eu\/blog\/wp-json\/wp\/v2\/users\/1"}],"replies":[{"embeddable":true,"href":"https:\/\/www.touchofart.eu\/blog\/wp-json\/wp\/v2\/comments?post=110"}],"version-history":[{"count":1,"href":"https:\/\/www.touchofart.eu\/blog\/wp-json\/wp\/v2\/pages\/110\/revisions"}],"predecessor-version":[{"id":111,"href":"https:\/\/www.touchofart.eu\/blog\/wp-json\/wp\/v2\/pages\/110\/revisions\/111"}],"wp:attachment":[{"href":"https:\/\/www.touchofart.eu\/blog\/wp-json\/wp\/v2\/media?parent=110"}],"curies":[{"name":"wp","href":"https:\/\/api.w.org\/{rel}","templated":true}]}}